{"id":125,"date":"2024-12-07T14:07:38","date_gmt":"2024-12-07T14:07:38","guid":{"rendered":"https:\/\/aehaiti.org\/?page_id=125"},"modified":"2024-12-07T14:13:39","modified_gmt":"2024-12-07T14:13:39","slug":"impressum","status":"publish","type":"page","link":"https:\/\/aehaiti.org\/?page_id=125","title":{"rendered":"Impressum"},"content":{"rendered":"\t\t<div data-elementor-type=\"wp-page\" data-elementor-id=\"125\" class=\"elementor elementor-125\">\n\t\t\t\t<div class=\"elementor-element elementor-element-977a079 e-flex e-con-boxed wpr-particle-no wpr-jarallax-no wpr-parallax-no wpr-sticky-section-no e-con e-parent\" data-id=\"977a079\" data-element_type=\"container\">\n\t\t\t\t\t<div class=\"e-con-inner\">\n\t\t\t\t<div class=\"elementor-element elementor-element-02f842e elementor-widget elementor-widget-text-editor\" data-id=\"02f842e\" data-element_type=\"widget\" data-widget_type=\"text-editor.default\">\n\t\t\t\t<div class=\"elementor-widget-container\">\n\t\t\t\t\t\t\t<h2>Spendenkonto<\/h2><table><tbody><tr><td>Empf.:<\/td><td>AEHaiti e.V.<\/td><\/tr><tr><td>IBAN:<\/td><td>DE66604500500030100190<\/td><\/tr><tr><td>BIC:<\/td><td>SOLADES1LBG<\/td><\/tr><tr><td>Bank:<\/td><td>KSK Ludwigsburg<\/td><\/tr><\/tbody><\/table><h2>Impressum<\/h2><p>Diese Internetseite www.AEHaiti.org und www.AEHaiti.de wird Ihnen pr\u00e4sentiert vom Verein<br \/><br \/>AEHaiti e. V. \u2013 Hilfe und Ermutigung f\u00fcr unsere Freunde in Haiti<br \/>Buchenweg 3<br \/>72525 M\u00fcnsingen<\/p><p>Tel. +49\u00a07381 183 995<br \/>Email:\u00a0<a href=\"mailto:info@aehaiti.org\">info@aehaiti.org<\/a><br \/><br \/><\/p><p>Verantwortlich f\u00fcr den Inhalt: Johannes Ruopp<\/p><p>Registergericht: Amtsgericht Stuttgart<br \/>Registernummer: VR 370453<\/p><p>AEHaiti e. V. ist vom Finanzamt Bad Urach als gemeinn\u00fctzig und mildt\u00e4tig anerkannt.<br \/><br \/><br \/><strong>Vorstand<\/strong><\/p><table><tbody><tr><td>Vorstandsvorsitzender:<\/td><td>Johannes Ruopp, Ingenieur f\u00fcr Nachrichtentechnik<\/td><\/tr><tr><td>Vorstandsmitglied:<\/td><td>Andreas Koch, IT Spezialist<\/td><\/tr><tr><td>Vorstandsmitglied:<\/td><td>Sebastian Korn, IT Spezialist<\/td><\/tr><\/tbody><\/table><p><br \/><strong>Bankverbindung<\/strong><\/p><p>Kreissparkasse Ludwigsburg<\/p><table><tbody><tr><td>IBAN:<\/td><td>DE66604500500030100190<\/td><\/tr><tr><td>BIC:<\/td><td>SOLADES1LBG<\/td><\/tr><\/tbody><\/table><p>Im Folgenden wird der Verein AEHaiti e. V. mit &#8222;AEHaiti&#8220; abgek\u00fcrzt.<\/p><p><strong>Haftung f\u00fcr Inhalte<\/strong><\/p><p>Die Angaben im Internet-Angebot von AEHaiti wurden sorgf\u00e4ltig gepr\u00fcft. Eine Garantie f\u00fcr Aktualit\u00e4t, Vollst\u00e4ndigkeit oder Richtigkeit kann jedoch nicht \u00fcbernommen werden. Nach \u00a7 7 Abs. 1 TMG (Telemediengesetz) ist AEHaiti\u00a0f\u00fcr eigene Informationen nach den allgemeinen Gesetzen verantwortlich. Im Rahmen der \u00a7\u00a7 8 \u2013 10 TMG ist AEHaiti nicht verpflichtet, die von ihr \u00fcbermittelten oder gespeicherten Informationen zu \u00fcberwachen oder nach Umst\u00e4nden zu forschen, die auf eine rechtswidrige T\u00e4tigkeit hinweisen. Verpflichtungen zur Entfernung oder Sperrung der Nutzung von Informationen nach den allgemeinen Gesetzen bleiben auch im Fall der Nichtverantwortlichkeit nach den \u00a7\u00a7 8 \u2013 10 TMG unber\u00fchrt. Eine Haftung bei entsprechenden Rechtsverletzungen ist erst ab dem Zeitpunkt der Kenntnis von einer konkreten Rechtsverletzung m\u00f6glich. Angebote, die Rechtsverletzungen beinhalten, werden nach Bekanntwerden unverz\u00fcglich entfernt.<\/p><p><strong>Links auf andere Internetseiten<\/strong><\/p><p>Das Internetangebot von AEHaiti kann Links und Banner enthalten, die auf Internetseiten anderer Anbieter verweisen. Wer diesen Links folgt, verl\u00e4sst das Angebot von AEHaiti. Diese hat auf den Inhalt der externen Internetseiten keinen Einfluss und kann daher auch keine Gew\u00e4hr f\u00fcr fremde Inhalte \u00fcbernehmen. AEHaiti macht sich weder die Inhalte dieser Seiten zu eigen noch teilt sie unbedingt die dort vertretenen Meinungen. Sofern Sie Kenntnis von rechtswidrigen Inhalten von Internetseiten anderer Anbieter erhalten, bitten wir um einen entsprechenden Hinweis, damit wir umgehend den Verweis auf das entsprechende Angebot entfernen k\u00f6nnen.<\/p><p><br \/><br \/><\/p><h2>Hinweis zu Spenden \u00fcber PayPal<\/h2><p>Wir m\u00f6chten darauf hinwei\u00dfen, dass PayPal eine Geb\u00fchr von circa 1,6 % einbeh\u00e4lt. Aus diesem Grund k\u00f6nnen wir nur Spendenbescheinigungen ausstellen, die den tats\u00e4chlich erhaltenen Betrag nach Abzug durch PayPal abdecken.<\/p><p>Wenn Sie es bevorzugen, eine Spende ohne Abzug zu machen, nutzen Sie bitte die M\u00f6glichkeit der \u00dcberweisung:<\/p><table><tbody><tr><td>Empf.:<\/td><td>AEHaiti e.V.<\/td><\/tr><tr><td>IBAN:<\/td><td>DE66604500500030100190<\/td><\/tr><tr><td>BIC:<\/td><td>SOLADES1LBG<\/td><\/tr><tr><td>Bank:<\/td><td>KSK Ludwigsburg<\/td><\/tr><\/tbody><\/table>\t\t\t\t\t\t<\/div>\n\t\t\t\t<\/div>\n\t\t\t\t\t<\/div>\n\t\t\t\t<\/div>\n\t\t\t\t<\/div>\n\t\t","protected":false},"excerpt":{"rendered":"<p>Spendenkonto Empf.: AEHaiti e.V. IBAN: DE66604500500030100190 BIC: SOLADES1LBG Bank: KSK Ludwigsburg Impressum Diese Internetseite www.AEHaiti.org und www.AEHaiti.de wird Ihnen pr\u00e4sentiert vom Verein AEHaiti e. V. \u2013 Hilfe und Ermutigung f\u00fcr unsere Freunde in HaitiBuchenweg 372525 M\u00fcnsingen Tel. +49\u00a07381 183 995Email:\u00a0info@aehaiti.org Verantwortlich f\u00fcr den Inhalt: Johannes Ruopp Registergericht: Amtsgericht StuttgartRegisternummer: VR 370453 AEHaiti e. V. ist vom Finanzamt Bad Urach als gemeinn\u00fctzig und mildt\u00e4tig anerkannt. Vorstand Vorstandsvorsitzender: Johannes Ruopp, Ingenieur f\u00fcr Nachrichtentechnik Vorstandsmitglied: Andreas Koch, IT Spezialist Vorstandsmitglied: Sebastian Korn, IT Spezialist Bankverbindung Kreissparkasse Ludwigsburg IBAN: DE66604500500030100190 BIC: SOLADES1LBG Im Folgenden wird der Verein AEHaiti e. V. mit &#8222;AEHaiti&#8220; abgek\u00fcrzt. Haftung f\u00fcr Inhalte Die Angaben im Internet-Angebot von AEHaiti wurden sorgf\u00e4ltig gepr\u00fcft. Eine Garantie f\u00fcr Aktualit\u00e4t, Vollst\u00e4ndigkeit oder Richtigkeit kann jedoch nicht \u00fcbernommen werden. Nach \u00a7 7 Abs. 1 TMG (Telemediengesetz) ist AEHaiti\u00a0f\u00fcr eigene Informationen nach den allgemeinen Gesetzen verantwortlich. Im Rahmen der \u00a7\u00a7 8 \u2013 10 TMG ist AEHaiti nicht verpflichtet, die von ihr \u00fcbermittelten oder gespeicherten Informationen zu \u00fcberwachen oder nach Umst\u00e4nden zu forschen, die auf eine rechtswidrige T\u00e4tigkeit hinweisen. Verpflichtungen zur Entfernung oder Sperrung der Nutzung von Informationen nach den allgemeinen Gesetzen bleiben auch im Fall der Nichtverantwortlichkeit nach den \u00a7\u00a7 8 \u2013 10 TMG unber\u00fchrt. Eine Haftung bei entsprechenden Rechtsverletzungen ist erst ab dem Zeitpunkt der Kenntnis von einer konkreten Rechtsverletzung m\u00f6glich. Angebote, die Rechtsverletzungen beinhalten, werden nach Bekanntwerden unverz\u00fcglich entfernt. Links auf andere Internetseiten Das Internetangebot von AEHaiti kann Links und Banner enthalten, die auf Internetseiten anderer Anbieter verweisen. Wer diesen Links folgt, verl\u00e4sst das Angebot von AEHaiti. Diese hat auf den Inhalt der externen Internetseiten keinen Einfluss und kann daher auch keine Gew\u00e4hr f\u00fcr fremde Inhalte \u00fcbernehmen. AEHaiti macht sich weder die Inhalte dieser Seiten zu eigen noch teilt sie unbedingt die dort vertretenen Meinungen. Sofern Sie Kenntnis von rechtswidrigen Inhalten von Internetseiten anderer Anbieter erhalten, bitten wir um einen entsprechenden Hinweis, damit wir umgehend den Verweis auf das entsprechende Angebot entfernen k\u00f6nnen. Hinweis zu Spenden \u00fcber PayPal Wir m\u00f6chten darauf hinwei\u00dfen, dass PayPal eine Geb\u00fchr von circa 1,6 % einbeh\u00e4lt. Aus diesem Grund k\u00f6nnen wir nur Spendenbescheinigungen ausstellen, die den tats\u00e4chlich erhaltenen Betrag nach Abzug durch PayPal abdecken. Wenn Sie es bevorzugen, eine Spende ohne Abzug zu machen, nutzen Sie bitte die M\u00f6glichkeit der \u00dcberweisung: Empf.: AEHaiti e.V. IBAN: DE66604500500030100190 BIC: SOLADES1LBG Bank: KSK Ludwigsburg<\/p>\n","protected":false},"author":1,"featured_media":0,"parent":0,"menu_order":0,"comment_status":"closed","ping_status":"closed","template":"","meta":{"footnotes":""},"class_list":["post-125","page","type-page","status-publish","hentry"],"acf":[],"_links":{"self":[{"href":"https:\/\/aehaiti.org\/index.php?rest_route=\/wp\/v2\/pages\/125","targetHints":{"allow":["GET"]}}],"collection":[{"href":"https:\/\/aehaiti.org\/index.php?rest_route=\/wp\/v2\/pages"}],"about":[{"href":"https:\/\/aehaiti.org\/index.php?rest_route=\/wp\/v2\/types\/page"}],"author":[{"embeddable":true,"href":"https:\/\/aehaiti.org\/index.php?rest_route=\/wp\/v2\/users\/1"}],"replies":[{"embeddable":true,"href":"https:\/\/aehaiti.org\/index.php?rest_route=%2Fwp%2Fv2%2Fcomments&post=125"}],"version-history":[{"count":4,"href":"https:\/\/aehaiti.org\/index.php?rest_route=\/wp\/v2\/pages\/125\/revisions"}],"predecessor-version":[{"id":129,"href":"https:\/\/aehaiti.org\/index.php?rest_route=\/wp\/v2\/pages\/125\/revisions\/129"}],"wp:attachment":[{"href":"https:\/\/aehaiti.org\/index.php?rest_route=%2Fwp%2Fv2%2Fmedia&parent=125"}],"curies":[{"name":"wp","href":"https:\/\/api.w.org\/{rel}","templated":true}]}}