{"id":8,"date":"2024-12-04T16:23:17","date_gmt":"2024-12-04T16:23:17","guid":{"rendered":"https:\/\/aehaiti.org\/?page_id=8"},"modified":"2024-12-07T14:52:47","modified_gmt":"2024-12-07T14:52:47","slug":"front_page","status":"publish","type":"page","link":"https:\/\/aehaiti.org\/","title":{"rendered":"Motivation"},"content":{"rendered":"\t\t<div data-elementor-type=\"wp-page\" data-elementor-id=\"8\" class=\"elementor elementor-8\">\n\t\t\t\t<div class=\"elementor-element elementor-element-31860922 e-flex e-con-boxed wpr-particle-no wpr-jarallax-no wpr-parallax-no wpr-sticky-section-no e-con e-parent\" data-id=\"31860922\" data-element_type=\"container\">\n\t\t\t\t\t<div class=\"e-con-inner\">\n\t\t\t\t<div class=\"elementor-element elementor-element-1a4b9d5 elementor-widget elementor-widget-heading\" data-id=\"1a4b9d5\" data-element_type=\"widget\" data-widget_type=\"heading.default\">\n\t\t\t\t<div class=\"elementor-widget-container\">\n\t\t\t<h2 class=\"elementor-heading-title elementor-size-default\">AEHaiti - unser Anliegen f\u00fcr Haiti<\/h2>\t\t<\/div>\n\t\t\t\t<\/div>\n\t\t\t\t\t<\/div>\n\t\t\t\t<\/div>\n\t\t<div class=\"elementor-element elementor-element-1a72064 e-con-full e-flex wpr-particle-no wpr-jarallax-no wpr-parallax-no wpr-sticky-section-no e-con e-parent\" data-id=\"1a72064\" data-element_type=\"container\" data-settings=\"{&quot;background_background&quot;:&quot;classic&quot;}\">\n\t\t<div class=\"elementor-element elementor-element-030123a e-con-full e-flex wpr-particle-no wpr-jarallax-no wpr-parallax-no wpr-sticky-section-no e-con e-child\" data-id=\"030123a\" data-element_type=\"container\" data-settings=\"{&quot;background_background&quot;:&quot;classic&quot;}\">\n\t\t\t\t<div class=\"elementor-element elementor-element-80674e7 elementor-widget__width-initial elementor-widget elementor-widget-text-editor\" data-id=\"80674e7\" data-element_type=\"widget\" data-widget_type=\"text-editor.default\">\n\t\t\t\t<div class=\"elementor-widget-container\">\n\t\t\t\t\t\t\t<p><span style=\"color: #339966;\"><strong>\u00a0A\u00a0<\/strong>\u00a0<\/span><\/p><p>Das t\u00e4gliche Lebensumfeld in Haiti: Arbeitslosigkeit, Analphabetismus, Mangel an Ausbildung &amp; Schulen, sporadische Infrastruktur, usw.<br \/>Bei Mangel und Not an so Vielem ist ein Radio mit einem guten und abwechslungsreichen Programm eine\u00a0<span style=\"color: #339966;\"><strong>ANDERSARTIGE LEBENSADER<\/strong><\/span>\u00a0welche ankommt und verbindet.<\/p><p><span style=\"color: #339966;\"><strong>A<\/strong><\/span>EHa\u00efti hilft \u00fcber seinen Partner Radio Lumi\u00e8re mit\u00a0<strong><span style=\"color: #339966;\">AUFMERKSAMKEIT<\/span>\u00a0<\/strong>und der notwendigen\u00a0<strong><span style=\"color: #339966;\">AUSDAUER<\/span>\u00a0<\/strong>f\u00fcr eine nachhaltige Entwicklung.<\/p><p><span style=\"color: #3366ff;\"><strong>\u00a0E\u00a0\u00a0\u00a0<\/strong>\u00a0<\/span><\/p><p>Die Menschen in Haiti freuen sich, wenn wir ihr Radio unterst\u00fctzen. Es ist in ihrem schwierigen Alltag eine\u00a0<strong><span style=\"color: #3366ff;\">ERFRISCHUNG<\/span>\u00a0<\/strong>und\u00a0<span style=\"color: #3366ff;\"><strong>ERMUTIGUNG\u00a0<\/strong><\/span>welche ihresgleichen sucht.<\/p><p>A<span style=\"color: #3366ff;\"><strong>E<\/strong><\/span>Ha\u00efti unterst\u00fctzt Radio, denn es ist un\u00fcbertroffen\u00a0<strong><span style=\"color: #3366ff;\">EFFEKTIV<\/span>\u00a0<\/strong>um einfach und g\u00fcnstig alle Bev\u00f6lkerungsschichten zu erreichen und einen Zugang zu\u00a0<span style=\"color: #3366ff;\"><strong>EVANGELIUM<\/strong>,<\/span> Information und Weiterbildung zu erm\u00f6glichen. Solche partnerschaftliche Hilfe ist\u00a0<span style=\"color: #3366ff;\"><strong>ERW\u00dcNSCHT<\/strong><\/span>!<\/p><p><span style=\"color: #808000;\"><strong>\u00a0H\u00a0<\/strong>\u00a0\u00a0\u00a0<\/span><\/p><p>Auch wenn wir in unserem Umfeld andere Wertungen vornehmen, ist Radio Lumi\u00e8re gerade auch f\u00fcr die vielen jungen Haitianer ein\u00a0<strong><span style=\"color: #808000;\">HOFFNUNGSSTRAHL<\/span>\u00a0<\/strong>am\u00a0<span style=\"color: #808000;\"><strong>HORIZONT<\/strong>,<\/span> welcher vollste Unterst\u00fctzung verdient.<\/p><p>AE<span style=\"color: #808000;\"><strong>H<\/strong><\/span>a\u00efti ist die Br\u00fccke aus ehrenamtlichen Helfern, welche ihre Zeit, Arbeitskraft, Erfahrung &amp; Wissen freiwillig zur Verf\u00fcgung stellen, damit Ihre\u00a0<span style=\"color: #808000;\"><strong>HILFE in HAITI<\/strong><\/span>\u00a0ankommt, ohne Abz\u00fcge,\u00a0<span style=\"color: #808000;\"><strong>HUNDERTPROZENTIG\u00a0<\/strong>!<\/span><\/p>\t\t\t\t\t\t<\/div>\n\t\t\t\t<\/div>\n\t\t\t\t<\/div>\n\t\t<div class=\"elementor-element elementor-element-7d23278 e-con-full e-flex wpr-particle-no wpr-jarallax-no wpr-parallax-no wpr-sticky-section-no e-con e-child\" data-id=\"7d23278\" data-element_type=\"container\" data-settings=\"{&quot;background_background&quot;:&quot;classic&quot;}\">\n\t\t<div class=\"elementor-element elementor-element-b2d815c e-con-full e-flex wpr-particle-no wpr-jarallax-no wpr-parallax-no wpr-sticky-section-no e-con e-child\" data-id=\"b2d815c\" data-element_type=\"container\" data-settings=\"{&quot;background_background&quot;:&quot;classic&quot;}\">\n\t\t\t\t<div class=\"elementor-element elementor-element-a177919 elementor-widget elementor-widget-text-editor\" data-id=\"a177919\" data-element_type=\"widget\" data-widget_type=\"text-editor.default\">\n\t\t\t\t<div class=\"elementor-widget-container\">\n\t\t\t\t\t\t\t<p><strong>Wir unterst\u00fctzen Radio Lumi\u00e8re<\/strong><\/p><p>Das Radio von Haitianern f\u00fcr Haitianer seit 1959.<\/p><p>Der evangelische und kulturelle Rundfunk in Haiti.<\/p><p>Unsere Freunde in Haiti und wir sind dankbar f\u00fcr Ihre Unterst\u00fctzung!<\/p><p>Spendenm\u00f6glichkeit:<\/p><table width=\"100%\"><tbody><tr><td>Empf.:<\/td><td>AEHaiti e.V.<\/td><\/tr><tr><td>IBAN:<\/td><td>DE66604500500030100190<\/td><\/tr><tr><td>BIC:<\/td><td>SOLADES1LBG<\/td><\/tr><tr><td>Bank:<\/td><td>KSK Ludwigsburg<\/td><\/tr><\/tbody><\/table>\t\t\t\t\t\t<\/div>\n\t\t\t\t<\/div>\n\t\t\t\t<\/div>\n\t\t\t\t<\/div>\n\t\t\t\t<\/div>\n\t\t<div class=\"elementor-element elementor-element-95307ad e-flex e-con-boxed wpr-particle-no wpr-jarallax-no wpr-parallax-no wpr-sticky-section-no e-con e-parent\" data-id=\"95307ad\" data-element_type=\"container\">\n\t\t\t\t\t<div class=\"e-con-inner\">\n\t\t\t\t<div class=\"elementor-element elementor-element-265e788 elementor-widget elementor-widget-heading\" data-id=\"265e788\" data-element_type=\"widget\" data-widget_type=\"heading.default\">\n\t\t\t\t<div class=\"elementor-widget-container\">\n\t\t\t<h2 class=\"elementor-heading-title elementor-size-default\">AEHaiti - ein Verein f\u00fcr Haiti<\/h2>\t\t<\/div>\n\t\t\t\t<\/div>\n\t\t\t\t\t<\/div>\n\t\t\t\t<\/div>\n\t\t<div class=\"elementor-element elementor-element-b67ac58 e-flex e-con-boxed wpr-particle-no wpr-jarallax-no wpr-parallax-no wpr-sticky-section-no e-con e-parent\" data-id=\"b67ac58\" data-element_type=\"container\">\n\t\t\t\t\t<div class=\"e-con-inner\">\n\t\t<div class=\"elementor-element elementor-element-e711478 e-con-full e-flex wpr-particle-no wpr-jarallax-no wpr-parallax-no wpr-sticky-section-no e-con e-child\" data-id=\"e711478\" data-element_type=\"container\">\n\t\t\t\t<div class=\"elementor-element elementor-element-a6531de elementor-widget elementor-widget-text-editor\" data-id=\"a6531de\" data-element_type=\"widget\" data-widget_type=\"text-editor.default\">\n\t\t\t\t<div class=\"elementor-widget-container\">\n\t\t\t\t\t\t\t<p>Im Herbst 1999 beendete Johannes Ruopp seinen 17-monatigen Aufenthalt, den er anstelle seines Zivildienstes bei Radio Lumi\u00e8re in der Hauptstadt von Haiti absolvieren konnte. In diesen anderthalb Jahren lernte er als Ingenieur f\u00fcr Nachrichtentechnik die technischen Herausforderungen von Radio Lumi\u00e8re kennen.<\/p>\n<p>Ab September 2006 lebte Johannes Ruopp mit seiner haitianischen Frau in Les Cayes. Er arbeitete dort als entsandter Entwicklungshelfer f\u00fcr 2 Jahre bei Radio Lumi\u00e8re.<\/p>\n<p>Was f\u00fcr Familie Ruopp zur\u00fcck blieb waren Freunde, Verwandte und Kontakte zum Radio-Personal mit dem Wissen verkn\u00fcpft, dass weitere Hilfe gebraucht wird. Die Verbundenheit zu Haiti wurde durch die Naturkatastrophen der Vergangenheit verst\u00e4rkt.<\/p>\n<p>Aus diesem Anlass gr\u00fcndete sich am 29. Januar 2011 der Verein AEHaiti e.V.\u00a0<\/p>\n<p>Das <span style=\"color: #3366ff;\">A<\/span> kommt vom franz\u00f6sischen \u201eAide\u201c, der Hilfe, und das <span style=\"color: #3366ff;\">E<\/span> von \u201eEncouragement\u201c, der Ermutigung. Unser Vorsatz ist es, freundschaftliche Partner zu sein, dort zu helfen und zu unterst\u00fctzen wo in die Zukunft der Bev\u00f6lkerung investiert wird.<\/p>\n<p>Einige weitere Mitglieder des Vereins kennen Haiti, haben es besucht oder auch selbst f\u00fcr l\u00e4ngere Zeit dort gelebt. Alle beteiligen sich ehrenamtlich im m\u00f6glichen Rahmen.<\/p>\n<p>Durch unterschiedliche Projekte m\u00f6chte der Verein die Entwicklungsarbeit in Haiti f\u00f6rdern und den Erhalt bzw. die Erweiterung des christlichen Sendenetzes erm\u00f6glichen. Dort wo die M\u00f6glichkeit zur Hilfe beim Wiederaufbau gegeben ist, werden wir unterst\u00fctzen. \u00dcber die H\u00e4lfte der Radio Mitarbeiter in Port-au-Prince haben ihr Zuhause durch das Erdbeben verloren und es wird nach und nach aufgebaut, sobald die Frage des Landbesitzes gekl\u00e4rt ist und alles notwendige zum Hausbau bereit ist.<\/p>\n<p>Wenn Sie AEHaiti in dieser Arbeit unterst\u00fctzen m\u00f6chten, sind Ihre Zuwendungen von Herzen willkommen. Bei \u00dcberweisungen sollte im Betreff die Projektnummer oder \u201eAllgemein\u201c angegeben werden sowie Ihre Adresse.<\/p>\n<p><strong>Unsere Motivation<\/strong><\/p>\n<p>Gott hat jedem von euch Gaben geschenkt, mit denen ihr einander dienen k\u00f6nnt. Tut das als gute Verwalter der vielf\u00e4ltigen Gnade Gottes.<\/p>\n<p>1.Petrus 4,10<\/p>\n<p><strong>Einsatz von Mitteln<\/strong><\/p>\n<p>Wir von AEHaiti m\u00f6chten mit den uns zur Verf\u00fcgung gestellten M\u00f6glichkeiten und Mitteln den Wiederaufbau und die Weiterentwicklung in Haiti unterst\u00fctzen. Wir haben uns zur Regel gesetzt, 100 Prozent der anvertrauten Spenden in Haiti einzusetzen, entweder in die Radioarbeit von Radio Lumi\u00e8re oder in Projekte mit anderen hilfsbed\u00fcrftigen einheimischen Partnern.<\/p>\n<p>Alle Unkosten zur Funktion des Vereins, wie zum Beispiel Verwaltungs- und Druckkosten, werden ausschlie\u00dflich durch die Mitglieder getragen.<\/p>\n<p><strong>Information \/ Vortr\u00e4ge<\/strong><\/p>\n<p>Wenn Sie Interesse haben, mehr Informationen oder Drucksachen zum Weitergeben m\u00f6chten, setzen Sie sich bitte mit uns in Verbindung. Gerne kommen wir auch zu Ihnen, um z.B. in Ihrer Gemeinde eine Pr\u00e4sentation \u00fcber Haiti und unsere Arbeit zu zeigen. Wir freuen uns, wenn wir einen offenen und direkten Kontakt mit Unterst\u00fctzern pflegen k\u00f6nnen.<\/p>\n<p><strong>Mitarbeit \/ Mitgliedschaft<\/strong><\/p>\n<p>Bei uns gibt es die M\u00f6glichkeit der Mitarbeit und neue Mitglieder, welche mehr erfahren, Entscheidungen mitbestimmen und in ihrem m\u00f6glichen Rahmen mitarbeiten m\u00f6chten, sind herzlich willkommen.<\/p>\n<p><strong>Offizielle Anerkennung<\/strong><\/p>\n<p>AEHaiti e.V. ist beim Amtsgericht Stuttgart im Vereinsregister unter VR 370453 registriert sowie vom Finanzamt Bad Urach als gemeinn\u00fctzig und mildt\u00e4tig anerkannt und dadurch zur Ausstellung von Zuwendungsbescheinigungen bevollm\u00e4chtigt.<\/p>\t\t\t\t\t\t<\/div>\n\t\t\t\t<\/div>\n\t\t\t\t<\/div>\n\t\t<div class=\"elementor-element elementor-element-0d7b469 e-con-full e-flex wpr-particle-no wpr-jarallax-no wpr-parallax-no wpr-sticky-section-no e-con e-child\" data-id=\"0d7b469\" data-element_type=\"container\">\n\t\t<div class=\"elementor-element elementor-element-16ed957 e-con-full e-flex wpr-particle-no wpr-jarallax-no wpr-parallax-no wpr-sticky-section-no e-con e-child\" data-id=\"16ed957\" data-element_type=\"container\">\n\t\t\t\t<div class=\"elementor-element elementor-element-0c4a002 elementor-widget elementor-widget-image\" data-id=\"0c4a002\" data-element_type=\"widget\" data-widget_type=\"image.default\">\n\t\t\t\t<div class=\"elementor-widget-container\">\n\t\t\t\t\t\t\t\t\t\t\t\t\t<img fetchpriority=\"high\" decoding=\"async\" width=\"960\" height=\"592\" src=\"https:\/\/aehaiti.org\/wp-content\/uploads\/2024\/12\/aehaiti-grndung-1024x631.jpg\" class=\"attachment-large size-large wp-image-116\" alt=\"\" srcset=\"https:\/\/aehaiti.org\/wp-content\/uploads\/2024\/12\/aehaiti-grndung-1024x631.jpg 1024w, https:\/\/aehaiti.org\/wp-content\/uploads\/2024\/12\/aehaiti-grndung-300x185.jpg 300w, https:\/\/aehaiti.org\/wp-content\/uploads\/2024\/12\/aehaiti-grndung-768x473.jpg 768w, https:\/\/aehaiti.org\/wp-content\/uploads\/2024\/12\/aehaiti-grndung-1536x947.jpg 1536w, https:\/\/aehaiti.org\/wp-content\/uploads\/2024\/12\/aehaiti-grndung-1160x715.jpg 1160w, https:\/\/aehaiti.org\/wp-content\/uploads\/2024\/12\/aehaiti-grndung.jpg 1600w\" sizes=\"(max-width: 960px) 100vw, 960px\" \/>\t\t\t\t\t\t\t\t\t\t\t\t\t<\/div>\n\t\t\t\t<\/div>\n\t\t\t\t<div class=\"elementor-element elementor-element-4b899ca elementor-widget elementor-widget-image\" data-id=\"4b899ca\" data-element_type=\"widget\" data-widget_type=\"image.default\">\n\t\t\t\t<div class=\"elementor-widget-container\">\n\t\t\t\t\t\t\t\t\t\t\t\t\t<img decoding=\"async\" width=\"960\" height=\"254\" src=\"https:\/\/aehaiti.org\/wp-content\/uploads\/2024\/12\/Logo-Frei-300x300-DPI-1024x271.png\" class=\"attachment-large size-large wp-image-42\" alt=\"\" srcset=\"https:\/\/aehaiti.org\/wp-content\/uploads\/2024\/12\/Logo-Frei-300x300-DPI-1024x271.png 1024w, https:\/\/aehaiti.org\/wp-content\/uploads\/2024\/12\/Logo-Frei-300x300-DPI-300x79.png 300w, https:\/\/aehaiti.org\/wp-content\/uploads\/2024\/12\/Logo-Frei-300x300-DPI-768x203.png 768w, https:\/\/aehaiti.org\/wp-content\/uploads\/2024\/12\/Logo-Frei-300x300-DPI-1536x407.png 1536w, https:\/\/aehaiti.org\/wp-content\/uploads\/2024\/12\/Logo-Frei-300x300-DPI-2048x543.png 2048w, https:\/\/aehaiti.org\/wp-content\/uploads\/2024\/12\/Logo-Frei-300x300-DPI-1920x509.png 1920w\" sizes=\"(max-width: 960px) 100vw, 960px\" \/>\t\t\t\t\t\t\t\t\t\t\t\t\t<\/div>\n\t\t\t\t<\/div>\n\t\t\t\t<\/div>\n\t\t<div class=\"elementor-element elementor-element-bb9589f e-con-full e-flex wpr-particle-no wpr-jarallax-no wpr-parallax-no wpr-sticky-section-no e-con e-child\" data-id=\"bb9589f\" data-element_type=\"container\">\n\t\t\t\t<div class=\"elementor-element elementor-element-869230e elementor-widget elementor-widget-image\" data-id=\"869230e\" data-element_type=\"widget\" data-widget_type=\"image.default\">\n\t\t\t\t<div class=\"elementor-widget-container\">\n\t\t\t\t\t\t\t\t\t\t\t\t\t<img decoding=\"async\" width=\"960\" height=\"540\" src=\"https:\/\/aehaiti.org\/wp-content\/uploads\/2024\/12\/20180222_182733-1024x576.jpg\" class=\"attachment-large size-large wp-image-117\" alt=\"\" srcset=\"https:\/\/aehaiti.org\/wp-content\/uploads\/2024\/12\/20180222_182733-1024x576.jpg 1024w, https:\/\/aehaiti.org\/wp-content\/uploads\/2024\/12\/20180222_182733-300x169.jpg 300w, https:\/\/aehaiti.org\/wp-content\/uploads\/2024\/12\/20180222_182733-768x432.jpg 768w, https:\/\/aehaiti.org\/wp-content\/uploads\/2024\/12\/20180222_182733-1536x864.jpg 1536w, https:\/\/aehaiti.org\/wp-content\/uploads\/2024\/12\/20180222_182733-2048x1152.jpg 2048w, https:\/\/aehaiti.org\/wp-content\/uploads\/2024\/12\/20180222_182733-1160x653.jpg 1160w\" sizes=\"(max-width: 960px) 100vw, 960px\" \/>\t\t\t\t\t\t\t\t\t\t\t\t\t<\/div>\n\t\t\t\t<\/div>\n\t\t\t\t<div class=\"elementor-element elementor-element-9860274 elementor-widget elementor-widget-image\" data-id=\"9860274\" data-element_type=\"widget\" data-widget_type=\"image.default\">\n\t\t\t\t<div class=\"elementor-widget-container\">\n\t\t\t\t\t\t\t\t\t\t\t\t\t<img loading=\"lazy\" decoding=\"async\" width=\"960\" height=\"540\" src=\"https:\/\/aehaiti.org\/wp-content\/uploads\/2024\/12\/20180222_181913-1024x576.jpg\" class=\"attachment-large size-large wp-image-118\" alt=\"\" srcset=\"https:\/\/aehaiti.org\/wp-content\/uploads\/2024\/12\/20180222_181913-1024x576.jpg 1024w, https:\/\/aehaiti.org\/wp-content\/uploads\/2024\/12\/20180222_181913-300x169.jpg 300w, https:\/\/aehaiti.org\/wp-content\/uploads\/2024\/12\/20180222_181913-768x432.jpg 768w, https:\/\/aehaiti.org\/wp-content\/uploads\/2024\/12\/20180222_181913-1536x864.jpg 1536w, https:\/\/aehaiti.org\/wp-content\/uploads\/2024\/12\/20180222_181913-2048x1152.jpg 2048w, https:\/\/aehaiti.org\/wp-content\/uploads\/2024\/12\/20180222_181913-1160x653.jpg 1160w\" sizes=\"(max-width: 960px) 100vw, 960px\" \/>\t\t\t\t\t\t\t\t\t\t\t\t\t<\/div>\n\t\t\t\t<\/div>\n\t\t\t\t<div class=\"elementor-element elementor-element-bbdf3f4 elementor-widget elementor-widget-image\" data-id=\"bbdf3f4\" data-element_type=\"widget\" data-widget_type=\"image.default\">\n\t\t\t\t<div class=\"elementor-widget-container\">\n\t\t\t\t\t\t\t\t\t\t\t\t\t<img loading=\"lazy\" decoding=\"async\" width=\"960\" height=\"720\" src=\"https:\/\/aehaiti.org\/wp-content\/uploads\/2024\/12\/WhatsApp-Image-2021-11-30-at-12.20.33-1024x768.jpeg\" class=\"attachment-large size-large wp-image-119\" alt=\"\" srcset=\"https:\/\/aehaiti.org\/wp-content\/uploads\/2024\/12\/WhatsApp-Image-2021-11-30-at-12.20.33-1024x768.jpeg 1024w, https:\/\/aehaiti.org\/wp-content\/uploads\/2024\/12\/WhatsApp-Image-2021-11-30-at-12.20.33-300x225.jpeg 300w, https:\/\/aehaiti.org\/wp-content\/uploads\/2024\/12\/WhatsApp-Image-2021-11-30-at-12.20.33-768x576.jpeg 768w, https:\/\/aehaiti.org\/wp-content\/uploads\/2024\/12\/WhatsApp-Image-2021-11-30-at-12.20.33.jpeg 1080w\" sizes=\"(max-width: 960px) 100vw, 960px\" \/>\t\t\t\t\t\t\t\t\t\t\t\t\t<\/div>\n\t\t\t\t<\/div>\n\t\t\t\t<div class=\"elementor-element elementor-element-b4ec352 elementor-widget elementor-widget-image\" data-id=\"b4ec352\" data-element_type=\"widget\" data-widget_type=\"image.default\">\n\t\t\t\t<div class=\"elementor-widget-container\">\n\t\t\t\t\t\t\t\t\t\t\t\t\t<img loading=\"lazy\" decoding=\"async\" width=\"960\" height=\"720\" src=\"https:\/\/aehaiti.org\/wp-content\/uploads\/2024\/12\/WhatsApp-Image-2022-07-09-at-17.45.23-1.jpeg\" class=\"attachment-large size-large wp-image-120\" alt=\"\" srcset=\"https:\/\/aehaiti.org\/wp-content\/uploads\/2024\/12\/WhatsApp-Image-2022-07-09-at-17.45.23-1.jpeg 1008w, https:\/\/aehaiti.org\/wp-content\/uploads\/2024\/12\/WhatsApp-Image-2022-07-09-at-17.45.23-1-300x225.jpeg 300w, https:\/\/aehaiti.org\/wp-content\/uploads\/2024\/12\/WhatsApp-Image-2022-07-09-at-17.45.23-1-768x576.jpeg 768w\" sizes=\"(max-width: 960px) 100vw, 960px\" \/>\t\t\t\t\t\t\t\t\t\t\t\t\t<\/div>\n\t\t\t\t<\/div>\n\t\t\t\t<\/div>\n\t\t\t\t<\/div>\n\t\t\t\t\t<\/div>\n\t\t\t\t<\/div>\n\t\t\t\t<\/div>\n\t\t","protected":false},"excerpt":{"rendered":"<p>AEHaiti &#8211; unser Anliegen f\u00fcr Haiti \u00a0A\u00a0\u00a0 Das t\u00e4gliche Lebensumfeld in Haiti: Arbeitslosigkeit, Analphabetismus, Mangel an Ausbildung &amp; Schulen, sporadische Infrastruktur, usw.Bei Mangel und Not an so Vielem ist ein Radio mit einem guten und abwechslungsreichen Programm eine\u00a0ANDERSARTIGE LEBENSADER\u00a0welche ankommt und verbindet. AEHa\u00efti hilft \u00fcber seinen Partner Radio Lumi\u00e8re mit\u00a0AUFMERKSAMKEIT\u00a0und der notwendigen\u00a0AUSDAUER\u00a0f\u00fcr eine nachhaltige Entwicklung. \u00a0E\u00a0\u00a0\u00a0\u00a0 Die Menschen in Haiti freuen sich, wenn wir ihr Radio unterst\u00fctzen. Es ist in ihrem schwierigen Alltag eine\u00a0ERFRISCHUNG\u00a0und\u00a0ERMUTIGUNG\u00a0welche ihresgleichen sucht. AEHa\u00efti unterst\u00fctzt Radio, denn es ist un\u00fcbertroffen\u00a0EFFEKTIV\u00a0um einfach und g\u00fcnstig alle Bev\u00f6lkerungsschichten zu erreichen und einen Zugang zu\u00a0EVANGELIUM, Information und Weiterbildung zu erm\u00f6glichen. Solche partnerschaftliche Hilfe ist\u00a0ERW\u00dcNSCHT! \u00a0H\u00a0\u00a0\u00a0\u00a0 Auch wenn wir in unserem Umfeld andere Wertungen vornehmen, ist Radio Lumi\u00e8re gerade auch f\u00fcr die vielen jungen Haitianer ein\u00a0HOFFNUNGSSTRAHL\u00a0am\u00a0HORIZONT, welcher vollste Unterst\u00fctzung verdient. AEHa\u00efti ist die Br\u00fccke aus ehrenamtlichen Helfern, welche ihre Zeit, Arbeitskraft, Erfahrung &amp; Wissen freiwillig zur Verf\u00fcgung stellen, damit Ihre\u00a0HILFE in HAITI\u00a0ankommt, ohne Abz\u00fcge,\u00a0HUNDERTPROZENTIG\u00a0! Wir unterst\u00fctzen Radio Lumi\u00e8re Das Radio von Haitianern f\u00fcr Haitianer seit 1959. Der evangelische und kulturelle Rundfunk in Haiti. Unsere Freunde in Haiti und wir sind dankbar f\u00fcr Ihre Unterst\u00fctzung! Spendenm\u00f6glichkeit: Empf.: AEHaiti e.V. IBAN: DE66604500500030100190 BIC: SOLADES1LBG Bank: KSK Ludwigsburg AEHaiti &#8211; ein Verein f\u00fcr Haiti Im Herbst 1999 beendete Johannes Ruopp seinen 17-monatigen Aufenthalt, den er anstelle seines Zivildienstes bei Radio Lumi\u00e8re in der Hauptstadt von Haiti absolvieren konnte. In diesen anderthalb Jahren lernte er als Ingenieur f\u00fcr Nachrichtentechnik die technischen Herausforderungen von Radio Lumi\u00e8re kennen. Ab September 2006 lebte Johannes Ruopp mit seiner haitianischen Frau in Les Cayes. Er arbeitete dort als entsandter Entwicklungshelfer f\u00fcr 2 Jahre bei Radio Lumi\u00e8re. Was f\u00fcr Familie Ruopp zur\u00fcck blieb waren Freunde, Verwandte und Kontakte zum Radio-Personal mit dem Wissen verkn\u00fcpft, dass weitere Hilfe gebraucht wird. Die Verbundenheit zu Haiti wurde durch die Naturkatastrophen der Vergangenheit verst\u00e4rkt. Aus diesem Anlass gr\u00fcndete sich am 29. Januar 2011 der Verein AEHaiti e.V.\u00a0 Das A kommt vom franz\u00f6sischen \u201eAide\u201c, der Hilfe, und das E von \u201eEncouragement\u201c, der Ermutigung. Unser Vorsatz ist es, freundschaftliche Partner zu sein, dort zu helfen und zu unterst\u00fctzen wo in die Zukunft der Bev\u00f6lkerung investiert wird. Einige weitere Mitglieder des Vereins kennen Haiti, haben es besucht oder auch selbst f\u00fcr l\u00e4ngere Zeit dort gelebt. Alle beteiligen sich ehrenamtlich im m\u00f6glichen Rahmen. Durch unterschiedliche Projekte m\u00f6chte der Verein die Entwicklungsarbeit in Haiti f\u00f6rdern und den Erhalt bzw. die Erweiterung des christlichen Sendenetzes erm\u00f6glichen. Dort wo die M\u00f6glichkeit zur Hilfe beim Wiederaufbau gegeben ist, werden wir unterst\u00fctzen. \u00dcber die H\u00e4lfte der Radio Mitarbeiter in Port-au-Prince haben ihr Zuhause durch das Erdbeben verloren und es wird nach und nach aufgebaut, sobald die Frage des Landbesitzes gekl\u00e4rt ist und alles notwendige zum Hausbau bereit ist. Wenn Sie AEHaiti in dieser Arbeit unterst\u00fctzen m\u00f6chten, sind Ihre Zuwendungen von Herzen willkommen. Bei \u00dcberweisungen sollte im Betreff die Projektnummer oder \u201eAllgemein\u201c angegeben werden sowie Ihre Adresse. Unsere Motivation Gott hat jedem von euch Gaben geschenkt, mit denen ihr einander dienen k\u00f6nnt. Tut das als gute Verwalter der vielf\u00e4ltigen Gnade Gottes. 1.Petrus 4,10 Einsatz von Mitteln Wir von AEHaiti m\u00f6chten mit den uns zur Verf\u00fcgung gestellten M\u00f6glichkeiten und Mitteln den Wiederaufbau und die Weiterentwicklung in Haiti unterst\u00fctzen. Wir haben uns zur Regel gesetzt, 100 Prozent der anvertrauten Spenden in Haiti einzusetzen, entweder in die Radioarbeit von Radio Lumi\u00e8re oder in Projekte mit anderen hilfsbed\u00fcrftigen einheimischen Partnern. Alle Unkosten zur Funktion des Vereins, wie zum Beispiel Verwaltungs- und Druckkosten, werden ausschlie\u00dflich durch die Mitglieder getragen. Information \/ Vortr\u00e4ge Wenn Sie Interesse haben, mehr Informationen oder Drucksachen zum Weitergeben m\u00f6chten, setzen Sie sich bitte mit uns in Verbindung. Gerne kommen wir auch zu Ihnen, um z.B. in Ihrer Gemeinde eine Pr\u00e4sentation \u00fcber Haiti und unsere Arbeit zu zeigen. Wir freuen uns, wenn wir einen offenen und direkten Kontakt mit Unterst\u00fctzern pflegen k\u00f6nnen. Mitarbeit \/ Mitgliedschaft Bei uns gibt es die M\u00f6glichkeit der Mitarbeit und neue Mitglieder, welche mehr erfahren, Entscheidungen mitbestimmen und in ihrem m\u00f6glichen Rahmen mitarbeiten m\u00f6chten, sind herzlich willkommen. Offizielle Anerkennung AEHaiti e.V. ist beim Amtsgericht Stuttgart im Vereinsregister unter VR 370453 registriert sowie vom Finanzamt Bad Urach als gemeinn\u00fctzig und mildt\u00e4tig anerkannt und dadurch zur Ausstellung von Zuwendungsbescheinigungen bevollm\u00e4chtigt.<\/p>\n","protected":false},"author":1,"featured_media":0,"parent":0,"menu_order":0,"comment_status":"closed","ping_status":"closed","template":"","meta":{"footnotes":""},"class_list":["post-8","page","type-page","status-publish","hentry"],"acf":[],"_links":{"self":[{"href":"https:\/\/aehaiti.org\/index.php?rest_route=\/wp\/v2\/pages\/8","targetHints":{"allow":["GET"]}}],"collection":[{"href":"https:\/\/aehaiti.org\/index.php?rest_route=\/wp\/v2\/pages"}],"about":[{"href":"https:\/\/aehaiti.org\/index.php?rest_route=\/wp\/v2\/types\/page"}],"author":[{"embeddable":true,"href":"https:\/\/aehaiti.org\/index.php?rest_route=\/wp\/v2\/users\/1"}],"replies":[{"embeddable":true,"href":"https:\/\/aehaiti.org\/index.php?rest_route=%2Fwp%2Fv2%2Fcomments&post=8"}],"version-history":[{"count":8,"href":"https:\/\/aehaiti.org\/index.php?rest_route=\/wp\/v2\/pages\/8\/revisions"}],"predecessor-version":[{"id":152,"href":"https:\/\/aehaiti.org\/index.php?rest_route=\/wp\/v2\/pages\/8\/revisions\/152"}],"wp:attachment":[{"href":"https:\/\/aehaiti.org\/index.php?rest_route=%2Fwp%2Fv2%2Fmedia&parent=8"}],"curies":[{"name":"wp","href":"https:\/\/api.w.org\/{rel}","templated":true}]}}